{"version":"1.0","provider_name":"Filmtopia","provider_url":"https:\/\/filmtopia.net\/es\/","author_name":"aleix","author_url":"https:\/\/filmtopia.net\/es\/author\/aleix\/","title":"Pilar Palomero: El paisaje de la infancia","type":"rich","width":600,"height":338,"html":"<blockquote class=\"wp-embedded-content\" data-secret=\"IeydnvahfL\"><a href=\"https:\/\/filmtopia.net\/es\/entrevista-pilar-palomero\/\">El paisaje de la infancia<\/a><\/blockquote><iframe sandbox=\"allow-scripts\" security=\"restricted\" src=\"https:\/\/filmtopia.net\/es\/entrevista-pilar-palomero\/embed\/#?secret=IeydnvahfL\" width=\"600\" height=\"338\" title=\"\u00abEl paisaje de la infancia\u00bb \u2014 Filmtopia\" data-secret=\"IeydnvahfL\" frameborder=\"0\" marginwidth=\"0\" marginheight=\"0\" scrolling=\"no\" class=\"wp-embedded-content\"><\/iframe><script type=\"text\/javascript\">\n\/* <![CDATA[ *\/\n\/*! This file is auto-generated *\/\n!function(d,l){\"use strict\";l.querySelector&&d.addEventListener&&\"undefined\"!=typeof URL&&(d.wp=d.wp||{},d.wp.receiveEmbedMessage||(d.wp.receiveEmbedMessage=function(e){var t=e.data;if((t||t.secret||t.message||t.value)&&!\/[^a-zA-Z0-9]\/.test(t.secret)){for(var s,r,n,a=l.querySelectorAll('iframe[data-secret=\"'+t.secret+'\"]'),o=l.querySelectorAll('blockquote[data-secret=\"'+t.secret+'\"]'),c=new RegExp(\"^https?:$\",\"i\"),i=0;i<o.length;i++)o[i].style.display=\"none\";for(i=0;i<a.length;i++)s=a[i],e.source===s.contentWindow&&(s.removeAttribute(\"style\"),\"height\"===t.message?(1e3<(r=parseInt(t.value,10))?r=1e3:~~r<200&&(r=200),s.height=r):\"link\"===t.message&&(r=new URL(s.getAttribute(\"src\")),n=new URL(t.value),c.test(n.protocol))&&n.host===r.host&&l.activeElement===s&&(d.top.location.href=t.value))}},d.addEventListener(\"message\",d.wp.receiveEmbedMessage,!1),l.addEventListener(\"DOMContentLoaded\",function(){for(var e,t,s=l.querySelectorAll(\"iframe.wp-embedded-content\"),r=0;r<s.length;r++)(t=(e=s[r]).getAttribute(\"data-secret\"))||(t=Math.random().toString(36).substring(2,12),e.src+=\"#?secret=\"+t,e.setAttribute(\"data-secret\",t)),e.contentWindow.postMessage({message:\"ready\",secret:t},\"*\")},!1)))}(window,document);\n\/\/# sourceURL=https:\/\/filmtopia.net\/wp-includes\/js\/wp-embed.min.js\n\/* ]]> *\/\n<\/script>\n","thumbnail_url":"https:\/\/filmtopia.net\/wp-content\/uploads\/2024\/12\/Entrevista-horitzontal-1.jpg","thumbnail_width":1327,"thumbnail_height":799,"description":"\u201cPara m\u00ed los cortos son el germen de \u2018Los destellos\u2019. Si alguien ve los cortos se ve claramente. Cuando le\u00ed el relato de Eider Rodr\u00edguez, sent\u00ed que era la oportunidad de volver a los temas sobre los que hab\u00eda hablado en los cortos\u201d"}

“Para mí los cortos son el germen de ‘Los destellos’. Si alguien ve los cortos se ve claramente. Cuando leí el relato de Eider Rodríguez, sentí que era la oportunidad de volver a los temas sobre los que había hablado en los cortos”
